{"id":1508,"date":"2014-01-16T17:41:00","date_gmt":"2014-01-16T17:41:00","guid":{"rendered":"http:\/\/www.jurajski-fotoklub.pl\/?page_id=1508"},"modified":"2014-06-11T10:31:53","modified_gmt":"2014-06-11T10:31:53","slug":"czerwiec-piekna-i-bestia","status":"publish","type":"page","link":"https:\/\/www.jurajski-fotoklub.pl\/index.php\/czerwiec-piekna-i-bestia\/","title":{"rendered":"Czerwiec &#8211; &#8222;PI\u0118KNA I BESTIA&#8221;"},"content":{"rendered":"<p style=\"text-align: center;\">Temat czerwcowego konkursu &#8222;zdj\u0119cie miesi\u0105ca&#8221; to :<\/p>\n<h1 style=\"text-align: center;\">&#8222;PI\u0118KNA I BESTIA&#8221;<\/h1>\n<p style=\"text-align: center;\">I miejsce &#8211; <strong><strong>Andrzej SZL\u0118ZAK<\/strong><br \/>\n<\/strong><\/p>\n<p style=\"text-align: center;\">[nggallery id=94]<\/p>\n<p style=\"text-align: center;\">II miejsce &#8211; <strong><strong><strong><strong>Ma\u0142gorzata KOZAKOWSKA <\/strong><\/strong><\/strong><br \/>\n<\/strong><\/p>\n<p style=\"text-align: center;\">[nggallery id=95]<\/p>\n<p style=\"text-align: center;\">III miejsce &#8211;<strong> <strong><strong>Andrzej SZL\u0118ZAK<\/strong><\/strong><strong><strong><\/strong><\/strong><br \/>\n<\/strong><\/p>\n<p style=\"text-align: center;\">[nggallery id=96]<\/p>\n","protected":false},"excerpt":{"rendered":"<p>Temat czerwcowego konkursu &#8222;zdj\u0119cie miesi\u0105ca&#8221; to : &#8222;PI\u0118KNA I BESTIA&#8221; I miejsce &#8211; Andrzej SZL\u0118ZAK [nggallery id=94] II miejsce &#8211; Ma\u0142gorzata KOZAKOWSKA [nggallery id=95] III miejsce &#8211; Andrzej SZL\u0118ZAK [nggallery id=96]<\/p>\n","protected":false},"author":1,"featured_media":0,"parent":0,"menu_order":0,"comment_status":"open","ping_status":"open","template":"","meta":{"footnotes":""},"class_list":["post-1508","page","type-page","status-publish","hentry"],"_links":{"self":[{"href":"https:\/\/www.jurajski-fotoklub.pl\/index.php\/wp-json\/wp\/v2\/pages\/1508","targetHints":{"allow":["GET"]}}],"collection":[{"href":"https:\/\/www.jurajski-fotoklub.pl\/index.php\/wp-json\/wp\/v2\/pages"}],"about":[{"href":"https:\/\/www.jurajski-fotoklub.pl\/index.php\/wp-json\/wp\/v2\/types\/page"}],"author":[{"embeddable":true,"href":"https:\/\/www.jurajski-fotoklub.pl\/index.php\/wp-json\/wp\/v2\/users\/1"}],"replies":[{"embeddable":true,"href":"https:\/\/www.jurajski-fotoklub.pl\/index.php\/wp-json\/wp\/v2\/comments?post=1508"}],"version-history":[{"count":2,"href":"https:\/\/www.jurajski-fotoklub.pl\/index.php\/wp-json\/wp\/v2\/pages\/1508\/revisions"}],"predecessor-version":[{"id":1968,"href":"https:\/\/www.jurajski-fotoklub.pl\/index.php\/wp-json\/wp\/v2\/pages\/1508\/revisions\/1968"}],"wp:attachment":[{"href":"https:\/\/www.jurajski-fotoklub.pl\/index.php\/wp-json\/wp\/v2\/media?parent=1508"}],"curies":[{"name":"wp","href":"https:\/\/api.w.org\/{rel}","templated":true}]}}

Czerwiec &#8211; &#8222;PIĘKNA I BESTIA&#8221;

<p style="text-align: center;">Temat czerwcowego konkursu &#8222;zdjęcie miesiąca&#8221; to :</p>
<h1 style="text-align: center;">&#8222;PIĘKNA I BESTIA&#8221;</h1>
<p style="text-align: center;">I miejsce &#8211; <strong><strong>Andrzej SZLĘZAK</strong><br />
</strong></p>
<p style="text-align: center;">[nggallery id=94]</p>
<p style="text-align: center;">II miejsce &#8211; <strong><strong><strong><strong>Małgorzata KOZAKOWSKA </strong></strong></strong><br />
</strong></p>
<p style="text-align: center;">[nggallery id=95]</p>
<p style="text-align: center;">III miejsce &#8211;<strong> <strong><strong>Andrzej SZLĘZAK</strong></strong><strong><strong></strong></strong><br />
</strong></p>
<p style="text-align: center;">[nggallery id=96]</p>

<p>Temat czerwcowego konkursu &#8222;zdjęcie miesiąca&#8221; to : &#8222;PIĘKNA I BESTIA&#8221; I miejsce &#8211; Andrzej SZLĘZAK [nggallery id=94] II miejsce &#8211; Małgorzata KOZAKOWSKA [nggallery id=95] III miejsce &#8211; Andrzej SZLĘZAK [nggallery id=96]</p>
