{"id":1815,"date":"2014-03-26T09:01:51","date_gmt":"2014-03-26T09:01:51","guid":{"rendered":"http:\/\/www.jurajski-fotoklub.pl\/?page_id=1815"},"modified":"2014-03-26T09:01:51","modified_gmt":"2014-03-26T09:01:51","slug":"sukces-czlonkow-jurajskiego-fotoklubu","status":"publish","type":"page","link":"https:\/\/www.jurajski-fotoklub.pl\/index.php\/sukces-czlonkow-jurajskiego-fotoklubu\/","title":{"rendered":"Sukces Cz\u0142onk\u00f3w Jurajskiego Fotoklubu"},"content":{"rendered":"<p><span style=\"color: #c0c0c0;\">Sukces Cz\u0142onk\u00f3w Jurajskiego Fotoklubu &#8211; Dariusz Gawro\u0144ski zaj\u0105\u0142 I miejsce w konkursie &#8222;Podr\u00f3\u017c w obiektywie&#8221; a Marcin i Magdalena Szp\u0105drowska zostali wyr\u00f3\u017cnienie w konkursie &#8222;Giga panoramy&#8221; organizowanym przez Stowarzyszenie Jurassic Photo Team w ramach I Jurajskiego Festiwalu Fotograficznego. Dwudziestu cz\u0142onk\u00f3w naszego Jurajskiego Fotoklubu uczestniczy\u0142o w tym fotograficznym wydarzeniu.<\/span><\/p>\n<table border=\"0\">\n<tbody>\n<tr>\n<td>[nggallery id=63]<\/td>\n<td><span style=\"color: #c0c0c0;\">Dariusz Gawro\u0144ski<br \/>\n<\/span><\/td>\n<\/tr>\n<\/tbody>\n<tbody>\n<tr>\n<td>[nggallery id=65]<\/td>\n<td><span style=\"color: #c0c0c0;\">Marcin Szp\u0105drowski<\/span><\/td>\n<\/tr>\n<tr>\n<td>[nggallery id=64]<\/td>\n<td><span style=\"color: #c0c0c0;\">Magdalena Szp\u0105drowska<\/span><\/td>\n<\/tr>\n<\/tbody>\n<\/table>\n","protected":false},"excerpt":{"rendered":"<p>Sukces Cz\u0142onk\u00f3w Jurajskiego Fotoklubu &#8211; Dariusz Gawro\u0144ski zaj\u0105\u0142 I miejsce w konkursie &#8222;Podr\u00f3\u017c w obiektywie&#8221; a Marcin i Magdalena Szp\u0105drowska zostali wyr\u00f3\u017cnienie w konkursie &#8222;Giga panoramy&#8221; organizowanym przez Stowarzyszenie Jurassic Photo Team w ramach I Jurajskiego Festiwalu Fotograficznego. Dwudziestu cz\u0142onk\u00f3w naszego Jurajskiego Fotoklubu uczestniczy\u0142o w tym fotograficznym wydarzeniu. [nggallery id=63] Dariusz Gawro\u0144ski [nggallery id=65] Marcin [&hellip;]<\/p>\n","protected":false},"author":1,"featured_media":0,"parent":0,"menu_order":0,"comment_status":"open","ping_status":"open","template":"","meta":{"footnotes":""},"class_list":["post-1815","page","type-page","status-publish","hentry"],"_links":{"self":[{"href":"https:\/\/www.jurajski-fotoklub.pl\/index.php\/wp-json\/wp\/v2\/pages\/1815","targetHints":{"allow":["GET"]}}],"collection":[{"href":"https:\/\/www.jurajski-fotoklub.pl\/index.php\/wp-json\/wp\/v2\/pages"}],"about":[{"href":"https:\/\/www.jurajski-fotoklub.pl\/index.php\/wp-json\/wp\/v2\/types\/page"}],"author":[{"embeddable":true,"href":"https:\/\/www.jurajski-fotoklub.pl\/index.php\/wp-json\/wp\/v2\/users\/1"}],"replies":[{"embeddable":true,"href":"https:\/\/www.jurajski-fotoklub.pl\/index.php\/wp-json\/wp\/v2\/comments?post=1815"}],"version-history":[{"count":1,"href":"https:\/\/www.jurajski-fotoklub.pl\/index.php\/wp-json\/wp\/v2\/pages\/1815\/revisions"}],"predecessor-version":[{"id":1827,"href":"https:\/\/www.jurajski-fotoklub.pl\/index.php\/wp-json\/wp\/v2\/pages\/1815\/revisions\/1827"}],"wp:attachment":[{"href":"https:\/\/www.jurajski-fotoklub.pl\/index.php\/wp-json\/wp\/v2\/media?parent=1815"}],"curies":[{"name":"wp","href":"https:\/\/api.w.org\/{rel}","templated":true}]}}

Sukces Członków Jurajskiego Fotoklubu

<p><span style="color: #c0c0c0;">Sukces Członków Jurajskiego Fotoklubu &#8211; Dariusz Gawroński zajął I miejsce w konkursie &#8222;Podróż w obiektywie&#8221; a Marcin i Magdalena Szpądrowska zostali wyróżnienie w konkursie &#8222;Giga panoramy&#8221; organizowanym przez Stowarzyszenie Jurassic Photo Team w ramach I Jurajskiego Festiwalu Fotograficznego. Dwudziestu członków naszego Jurajskiego Fotoklubu uczestniczyło w tym fotograficznym wydarzeniu.</span></p>
<table border="0">
<tbody>
<tr>
<td>[nggallery id=63]</td>
<td><span style="color: #c0c0c0;">Dariusz Gawroński<br />
</span></td>
</tr>
</tbody>
<tbody>
<tr>
<td>[nggallery id=65]</td>
<td><span style="color: #c0c0c0;">Marcin Szpądrowski</span></td>
</tr>
<tr>
<td>[nggallery id=64]</td>
<td><span style="color: #c0c0c0;">Magdalena Szpądrowska</span></td>
</tr>
</tbody>
</table>

<p>Sukces Członków Jurajskiego Fotoklubu &#8211; Dariusz Gawroński zajął I miejsce w konkursie &#8222;Podróż w obiektywie&#8221; a Marcin i Magdalena Szpądrowska zostali wyróżnienie w konkursie &#8222;Giga panoramy&#8221; organizowanym przez Stowarzyszenie Jurassic Photo Team w ramach I Jurajskiego Festiwalu Fotograficznego. Dwudziestu członków naszego Jurajskiego Fotoklubu uczestniczyło w tym fotograficznym wydarzeniu. [nggallery id=63] Dariusz Gawroński [nggallery id=65] Marcin [&hellip;]</p>
