{"id":2705,"date":"2016-02-02T22:47:15","date_gmt":"2016-02-02T22:47:15","guid":{"rendered":"http:\/\/www.jurajski-fotoklub.pl\/?page_id=2705"},"modified":"2016-06-08T21:06:10","modified_gmt":"2016-06-08T21:06:10","slug":"maj-bliki","status":"publish","type":"page","link":"https:\/\/www.jurajski-fotoklub.pl\/index.php\/fotograf-roku-2016\/maj-bliki\/","title":{"rendered":"Maj &#8211; &#8222;BLIKI&#8221;"},"content":{"rendered":"<p style=\"text-align: center;\">Temat majowego konkursu <strong>Zdj\u0119cie Miesi\u0105ca<\/strong> to :<\/p>\n<p><a href=\"https:\/\/www.jurajski-fotoklub.pl\/wp-content\/uploads\/2016\/02\/Bliki.jpeg\"><img loading=\"lazy\" decoding=\"async\" class=\"aligncenter size-full wp-image-2899\" alt=\"Bliki\" src=\"https:\/\/www.jurajski-fotoklub.pl\/wp-content\/uploads\/2016\/02\/Bliki.jpeg\" width=\"640\" height=\"428\" srcset=\"https:\/\/www.jurajski-fotoklub.pl\/wp-content\/uploads\/2016\/02\/Bliki.jpeg 640w, https:\/\/www.jurajski-fotoklub.pl\/wp-content\/uploads\/2016\/02\/Bliki-300x200.jpeg 300w\" sizes=\"auto, (max-width: 640px) 100vw, 640px\" \/> Autor : Andrzej Szl\u0119zak <\/a><\/p>\n<h2 style=\"text-align: center;\"><strong>BLIKI <\/strong><\/h2>\n<p>I miejsce Andrzej Szl\u0119zak 22p<\/p>\n<p>II miejsce Nina Mazu\u015b &#8211; 11p<\/p>\n<p>III miejsce\u00a0 Olga Cegielska &#8211; 10p<\/p>\n<p>Althea Leszczy\u0144ska &#8211; 3p<\/p>\n","protected":false},"excerpt":{"rendered":"<p>Temat majowego konkursu Zdj\u0119cie Miesi\u0105ca to : Autor : Andrzej Szl\u0119zak BLIKI I miejsce Andrzej Szl\u0119zak 22p II miejsce Nina Mazu\u015b &#8211; 11p III miejsce\u00a0 Olga Cegielska &#8211; 10p Althea Leszczy\u0144ska &#8211; 3p<\/p>\n","protected":false},"author":11,"featured_media":0,"parent":2623,"menu_order":0,"comment_status":"open","ping_status":"open","template":"","meta":{"footnotes":""},"class_list":["post-2705","page","type-page","status-publish","hentry"],"_links":{"self":[{"href":"https:\/\/www.jurajski-fotoklub.pl\/index.php\/wp-json\/wp\/v2\/pages\/2705","targetHints":{"allow":["GET"]}}],"collection":[{"href":"https:\/\/www.jurajski-fotoklub.pl\/index.php\/wp-json\/wp\/v2\/pages"}],"about":[{"href":"https:\/\/www.jurajski-fotoklub.pl\/index.php\/wp-json\/wp\/v2\/types\/page"}],"author":[{"embeddable":true,"href":"https:\/\/www.jurajski-fotoklub.pl\/index.php\/wp-json\/wp\/v2\/users\/11"}],"replies":[{"embeddable":true,"href":"https:\/\/www.jurajski-fotoklub.pl\/index.php\/wp-json\/wp\/v2\/comments?post=2705"}],"version-history":[{"count":13,"href":"https:\/\/www.jurajski-fotoklub.pl\/index.php\/wp-json\/wp\/v2\/pages\/2705\/revisions"}],"predecessor-version":[{"id":2920,"href":"https:\/\/www.jurajski-fotoklub.pl\/index.php\/wp-json\/wp\/v2\/pages\/2705\/revisions\/2920"}],"up":[{"embeddable":true,"href":"https:\/\/www.jurajski-fotoklub.pl\/index.php\/wp-json\/wp\/v2\/pages\/2623"}],"wp:attachment":[{"href":"https:\/\/www.jurajski-fotoklub.pl\/index.php\/wp-json\/wp\/v2\/media?parent=2705"}],"curies":[{"name":"wp","href":"https:\/\/api.w.org\/{rel}","templated":true}]}}

<p style="text-align: center;">Temat majowego konkursu <strong>Zdjęcie Miesiąca</strong> to :</p>
<p><a href="https://www.jurajski-fotoklub.pl/wp-content/uploads/2016/02/Bliki.jpeg"><img loading="lazy" decoding="async" class="aligncenter size-full wp-image-2899" alt="Bliki" src="https://www.jurajski-fotoklub.pl/wp-content/uploads/2016/02/Bliki.jpeg" width="640" height="428" srcset="https://www.jurajski-fotoklub.pl/wp-content/uploads/2016/02/Bliki.jpeg 640w, https://www.jurajski-fotoklub.pl/wp-content/uploads/2016/02/Bliki-300x200.jpeg 300w" sizes="auto, (max-width: 640px) 100vw, 640px" /> Autor : Andrzej Szlęzak </a></p>
<h2 style="text-align: center;"><strong>BLIKI </strong></h2>
<p>I miejsce Andrzej Szlęzak 22p</p>
<p>II miejsce Nina Mazuś &#8211; 11p</p>
<p>III miejsce  Olga Cegielska &#8211; 10p</p>
<p>Althea Leszczyńska &#8211; 3p</p>

<p>Temat majowego konkursu Zdjęcie Miesiąca to : Autor : Andrzej Szlęzak BLIKI I miejsce Andrzej Szlęzak 22p II miejsce Nina Mazuś &#8211; 11p III miejsce  Olga Cegielska &#8211; 10p Althea Leszczyńska &#8211; 3p</p>
